ist the prime factors of 9684689.
7, 79, 83, 211
List the prime factors of 1034634.
2, 3, 172439
List the prime factors of 1308662.
2, 43, 15217
What are the prime factors of 9686622?
2, 3, 11, 146767
List the prime factors of 559408.
2, 34963
What are the prime factors of 15694020?
2, 3, 5, 29063
What are the prime factors of 201820?
2, 5, 10091
List the prime factors of 913889.
913889
List the prime factors of 10919505.
3, 5, 131, 5557
List the prime factors of 540091.
419, 1289
List the prime factors of 7784506.
2, 41, 94933
List the prime factors of 1489665.
3, 5, 47, 2113
What are the prime factors of 123519?
3, 11, 19, 197
List the prime factors of 532923.
3, 349, 509
List the prime factors of 5159929.
61, 84589
What are the prime factors of 1937987?
1937987
What are the prime factors of 1303384?
2, 191, 853
List the prime factors of 2193643.
2193643
List the prime factors of 23439681.
3, 181, 14389
What are the prime factors of 196707?
3, 7, 17, 19, 29
List the prime factors of 205279.
103, 1993
List the prime factors of 257726.
2, 7, 41, 449
What are the prime factors of 567686?
2, 7, 23, 41, 43
List the prime factors of 442013.
11, 13, 281
List the prime factors of 26269510.
2, 5, 401, 6551
List the prime factors of 2115190.
2, 5, 7, 11, 41, 67
What are the prime factors of 44458785?
3, 5, 7, 53, 2663
What are the prime factors of 25331057?
193, 131249
List the prime factors of 25925096.
2, 157, 20641
List the prime factors of 740381.
149, 4969
List the prime factors of 1030459.
569, 1811
What are the prime factors of 829446?
2, 3, 138241
What are the prime factors of 445900?
2, 5, 7, 13
What are the prime factors of 2435889?
3, 569, 1427
What are the prime factors of 231382?
2, 19, 6089
List the prime factors of 235774.
2, 7, 11, 1531
What are the prime factors of 2529847?
911, 2777
List the prime factors of 1152633.
3, 41, 9371
List the prime factors of 147791.
7, 43, 491
List the prime factors of 1877745.
3, 5, 125183
What are the prime factors of 300716?
2, 13, 5783
What are the prime factors of 12535324?
2, 17, 83, 2221
What are the prime factors of 565228?
2, 141307
What are the prime factors of 1569538?
2, 29, 27061
List the prime factors of 5089630.
2, 5, 7, 13, 17, 47
What are the prime factors of 12254413?
523, 23431
What are the prime factors of 5251862?
2, 7, 11, 67, 509
List the prime factors of 4508091.
3, 7, 163, 439
What are the prime factors of 1085072?
2, 73, 929
What are the prime factors of 274875?
3, 5, 733
What are the prime factors of 503042?
2, 97, 2593
List the prime factors of 3714251.
1223, 3037
List the prime factors of 4631.
11, 421
List the prime factors of 4406114.
2, 2203057
What are the prime factors of 9470409?
3, 13, 37, 6563
What are the prime factors of 9681335?
5, 719, 2693
What are the prime factors of 1151990?
2, 5, 7, 2351
List the prime factors of 1518221.
37, 1109
List the prime factors of 3385605.
3, 5, 29, 43, 181
List the prime factors of 359721.
3, 4441
What are the prime factors of 1817120?
2, 5, 41, 277
List the prime factors of 104729.
104729
What are the prime factors of 935481?
3, 311827
What are the prime factors of 33290632?
2, 59, 251, 281
List the prime factors of 2074135.
5, 7, 19, 3119
What are the prime factors of 5623275?
3, 5, 7, 10711
What are the prime factors of 67874?
2, 33937
What are the prime factors of 3069?
3, 11, 31
List the prime factors of 10842521.
19, 570659
List the prime factors of 10963645.
5, 7, 11, 28477
What are the prime factors of 156472?
2, 19559
What are the prime factors of 10250331?
3, 7, 13, 37547
List the prime factors of 653401.
7, 269, 347
What are the prime factors of 2173366?
2, 13, 83591
What are the prime factors of 1463343?
3, 7, 17, 4099
List the prime factors of 2544173.
41, 62053
What are the prime factors of 29828407?
7, 608743
What are the prime factors of 597538?
2, 109, 2741
What are the prime factors of 3141799?
83, 37853
List the prime factors of 244642.
2, 122321
What are the prime factors of 144098?
2, 109, 661
What are the prime factors of 747035?
5, 53, 2819
What are the prime factors of 132742?
2, 31, 2141
List the prime factors of 1825502.
2, 7, 83, 1571
List the prime factors of 202416.
2, 3, 4217
What are the prime factors of 1392972?
2, 3, 7, 23, 103
What are the prime factors of 569027?
463, 1229
List the prime factors of 227510.
2, 5, 22751
What are the prime factors of 482060?
2, 5, 24103
List the prime factors of 724785.
3, 5, 211, 229
List the prime factors of 40914.
2, 3, 2273
List the prime factors of 3167827.
13, 67, 3637
List the prime factors of 5822002.
2, 59, 49339
What are the prime factors of 528402?
2, 3, 7, 23, 547
List the prime factors of 5344315.
5, 257, 4159
What are the prime factors of 2792152?
2, 11, 31729
What are the prime factors of 692176?
2, 43261
What are the prime factors of 20186035?
5, 331, 12197
What are the prime factors of 11985604?
2, 1051, 2851
List the prime factors of 5987920.
2, 5, 29, 89
List the prime factors of 8844876.
2, 3, 27299
What are the prime factors of 362659?
11, 32969
List the prime factors of 1698153.
3, 29, 131, 149
List the prime factors of 239141.
7, 127, 269
List the prime factors of 1002328.
2, 349, 359
What are the prime factors of 1359991?
1359991
What are the prime factors of 5532299?
53, 104383
List the prime factors of 9272992.
2, 181, 1601
List the prime factors of 9004447.
2713, 3319
List the prime factors of 612668.
2, 7, 21881
What are the prime factors of 1303026?
2, 3, 79, 2749
What are the prime factors of 173982?
2, 3, 107, 271
List the prime factors of 509140.
2, 5, 25457
What are the prime factors of 798219?
3, 31, 2861
What are the prime factors of 723121?
7, 19, 5437
What are the prime factors of 892993?
17, 52529
List the prime factors of 13136582.
2, 173, 37967
List the prime factors of 21111980.
2, 5, 449, 2351
What are the prime factors of 1177646?
2, 23, 25601
List the prime factors of 10781627.
181, 59567
What are the prime factors of 270973?
270973
List the prime factors of 283008.
2, 3, 11, 67
List the prime factors of 102016.
2, 797
What are the prime factors of 2281876?
2, 17, 23, 1459
List the prime factors of 2719755.
3, 5, 19, 3181
What are the prime factors of 123394?
2, 103, 599
List the prime factors of 115099.
115099
List the prime factors of 2274323.
743, 3061
List the prime factors of 32432245.
5, 1721, 3769
List the prime factors of 1773102.
2, 3, 295517
What are the prime factors of 2833205?
5, 83, 6827
List the prime factors of 275192.
2, 41, 839
List the prime factors of 3906534.
2, 3, 37, 17597
What are the prime factors of 622972?
2, 7, 19, 1171
List the prime factors of 921710.
2, 5, 61, 1511
List the prime factors of 2064073.
11, 31, 6053
List the prime factors of 3401922.
2, 3, 566987
List the prime factors of 1809429.
3, 17, 2087
What are the prime factors of 488007?
3, 13, 43, 97
What are the prime factors of 662626?
2, 17, 19489
What are the prime factors of 13030563?
3, 7, 13, 59, 809
What are the prime factors of 4249584?
2, 3, 1093
List the prime factors of 295715.
5, 7, 17, 71
What are the prime factors of 1155316?
2, 367, 787
List the prime factors of 601276.
2, 13, 31, 373
List the prime factors of 29015576.
2, 3626947
What are the prime factors of 4185?
3, 5, 31
What are the prime factors of 83960?
2, 5, 2099
List the prime factors of 6511727.
6511727
List the prime factors of 63878.
2, 19, 41
List the prime factors of 475594.
2, 7, 23, 211
List the prime factors of 9721470.
2, 3, 5, 11, 89, 331
What are the prime factors of 50163?
3, 23, 727
What are the prime factors of 394930?
2, 5, 73, 541
List the prime factors of 1077225.
3, 5, 53, 271
List the prime factors of 134338.
2, 67169
List the prime factors of 1866618.
2, 3, 13, 2659
List the prime factors of 827591.
827591
What are the prime factors of 16666715?
5, 13, 17, 15083
What are the prime factors of 15181654?
2, 7590827
What are the prime factors of 213732?
2, 3, 1979
List the prime factors of 90165.
3, 5, 6011
List the prime factors of 579392.
2, 11, 823
List the prime factors of 3125458.
2, 7, 223247
List the prime factors of 308367.
3, 47
List the prime factors of 823573.
823573
What are the prime factors of 92752?
2, 11, 17, 31
What are the p